{"id":2,"date":"2024-08-29T21:04:06","date_gmt":"2024-08-29T21:04:06","guid":{"rendered":"http:\/\/localhost\/wordpress\/?page_id=2"},"modified":"2024-10-01T18:52:52","modified_gmt":"2024-10-01T18:52:52","slug":"sample-page","status":"publish","type":"page","link":"https:\/\/www.sokolsvojetice.cz\/?page_id=2","title":{"rendered":"T\u00fdmy"},"content":{"rendered":"\n<p style=\"font-size:22px\">Ve\u0161ker\u00e9 fotbalov\u00e9 d\u011bn\u00ed, tr\u00e9ninky a z\u00e1pasy prob\u00edhaj\u00ed v are\u00e1lu TJ Sokol Svojetice, kter\u00fd se nach\u00e1z\u00ed v centru obce. Vyu\u017eiv\u00e1v\u00e1me velk\u00e9 travnat\u00e9 a nov\u011b vybudovan\u00e9 multifunk\u010dn\u00ed h\u0159i\u0161t\u011b, zrealizovali jsme kompletn\u00ed rekonstrukci fotbalov\u00fdch kabin.<br>Multifunk\u010dn\u00ed h\u0159i\u0161t\u011b je tak\u00e9 p\u0159\u00edstupn\u00e9 \u0161irok\u00e9 ve\u0159ejnosti. Budeme velice r\u00e1di, kdy\u017e bude obl\u00edben\u00e9 nejen u fotbalov\u00fdch fanou\u0161k\u016f, ale i u m\u00edstn\u00edch ob\u010dan\u016f, kte\u0159\u00ed se v bl\u00edzkosti kabin r\u00e1di ob\u010derstv\u00ed na &#8222;Dvorku u Soused\u016f&#8220;.<\/p>\n\n\n\n<div class=\"wp-block-group is-nowrap is-layout-flex wp-container-core-group-is-layout-6c531013 wp-block-group-is-layout-flex\">\n<figure class=\"wp-block-image size-full is-resized is-style-default\"><img loading=\"lazy\" decoding=\"async\" width=\"1000\" height=\"698\" src=\"https:\/\/www.sokolsvojetice.cz\/wp-content\/uploads\/2024\/09\/hriste.png\" alt=\"\" class=\"wp-image-187\" style=\"width:440px;height:auto\" srcset=\"https:\/\/www.sokolsvojetice.cz\/wp-content\/uploads\/2024\/09\/hriste.png 1000w, https:\/\/www.sokolsvojetice.cz\/wp-content\/uploads\/2024\/09\/hriste-300x209.png 300w, https:\/\/www.sokolsvojetice.cz\/wp-content\/uploads\/2024\/09\/hriste-768x536.png 768w\" sizes=\"auto, (max-width: 1000px) 100vw, 1000px\" \/><\/figure>\n\n\n\n<figure class=\"wp-block-image size-large is-resized\"><img loading=\"lazy\" decoding=\"async\" width=\"1024\" height=\"674\" src=\"https:\/\/www.sokolsvojetice.cz\/wp-content\/uploads\/2024\/09\/mapa-hriste-1024x674.png\" alt=\"\" class=\"wp-image-197\" style=\"width:469px;height:auto\" srcset=\"https:\/\/www.sokolsvojetice.cz\/wp-content\/uploads\/2024\/09\/mapa-hriste-1024x674.png 1024w, https:\/\/www.sokolsvojetice.cz\/wp-content\/uploads\/2024\/09\/mapa-hriste-300x198.png 300w, https:\/\/www.sokolsvojetice.cz\/wp-content\/uploads\/2024\/09\/mapa-hriste-768x506.png 768w, https:\/\/www.sokolsvojetice.cz\/wp-content\/uploads\/2024\/09\/mapa-hriste.png 1081w\" sizes=\"auto, (max-width: 1024px) 100vw, 1024px\" \/><\/figure>\n<\/div>\n\n\n\n<p style=\"font-size:25px\">Mu\u017ei<\/p>\n\n\n\n<p style=\"font-size:22px\">A-t\u00fdm mu\u017ei hraje 3. t\u0159\u00eddu skupina B (9.liga) okres Praha-v\u00fdchod.<br><a href=\"https:\/\/is1.fotbal.cz\/souteze\/detail-souteze.aspx?req=78f496cb-da1d-4fe5-95ec-8f5a491556ae&amp;sport=fotbal\" target=\"_blank\" rel=\"noreferrer noopener\">Aktu\u00e1ln\u00ed program sezony 2024, v\u00fdsledky, statistiky a dal\u0161\u00ed je nahl\u00e9dnut\u00ed ZDE<\/a><\/p>\n\n\n\n<div class=\"wp-block-group is-nowrap is-layout-flex wp-container-core-group-is-layout-6c531013 wp-block-group-is-layout-flex\"><\/div>\n\n\n\n<p style=\"font-size:25px\">Ml\u00e1de\u017e<\/p>\n\n\n\n<p style=\"font-size:22px\">Na\u0161im c\u00edlem a prioritou je nyn\u00ed hlavn\u011b ml\u00e1de\u017e, d\u011btsk\u00e9 kategorie jsou stavebn\u00edm kamenem a budoucnost\u00ed ka\u017ed\u00e9ho klubu, proto jsme r\u00e1di za hojnou \u00fa\u010dast p\u0159i n\u00e1boru.<br>Tak jako je ned\u00edlnou sou\u010d\u00e1st\u00ed klubu A t\u00fdm mu\u017e\u016f, tak v\u017edy byla sou\u010d\u00e1st\u00ed klubu i ml\u00e1de\u017e, proto \u017e\u00e1d\u00e1me o pomoc se znovuzalo\u017een\u00edm ml\u00e1de\u017ee v na\u0161em klubu.<br>P\u0159ij\u010fte a sta\u0148te se \u010dlenem klubu TJ Sokol Svojetice.<\/p>\n\n\n\n<p style=\"font-size:20px\">.<\/p>\n\n\n\n<p class=\"has-text-align-center\" style=\"font-size:20px\"><img loading=\"lazy\" decoding=\"async\" width=\"1000\" height=\"838\" class=\"wp-image-234\" style=\"width: 1000px;\" src=\"https:\/\/www.sokolsvojetice.cz\/wp-content\/uploads\/2024\/09\/fb-nabor.png\" alt=\"\" srcset=\"https:\/\/www.sokolsvojetice.cz\/wp-content\/uploads\/2024\/09\/fb-nabor.png 1500w, https:\/\/www.sokolsvojetice.cz\/wp-content\/uploads\/2024\/09\/fb-nabor-300x251.png 300w, https:\/\/www.sokolsvojetice.cz\/wp-content\/uploads\/2024\/09\/fb-nabor-1024x858.png 1024w, https:\/\/www.sokolsvojetice.cz\/wp-content\/uploads\/2024\/09\/fb-nabor-768x644.png 768w\" sizes=\"auto, (max-width: 1000px) 100vw, 1000px\" \/><\/p>\n\n\n\n<p><\/p>\n","protected":false},"excerpt":{"rendered":"<p>Ve\u0161ker\u00e9 fotbalov\u00e9 d\u011bn\u00ed, tr\u00e9ninky a z\u00e1pasy prob\u00edhaj\u00ed v are\u00e1lu TJ Sokol Svojetice, kter\u00fd se nach\u00e1z\u00ed v centru obce. Vyu\u017eiv\u00e1v\u00e1me velk\u00e9 [&hellip;]<\/p>\n","protected":false},"author":1,"featured_media":0,"parent":0,"menu_order":0,"comment_status":"closed","ping_status":"open","template":"","meta":{"site-sidebar-layout":"default","site-content-layout":"","ast-site-content-layout":"normal-width-container","site-content-style":"boxed","site-sidebar-style":"default","ast-global-header-display":"","ast-banner-title-visibility":"","ast-main-header-display":"","ast-hfb-above-header-display":"","ast-hfb-below-header-display":"","ast-hfb-mobile-header-display":"","site-post-title":"","ast-breadcrumbs-content":"","ast-featured-img":"","footer-sml-layout":"","theme-transparent-header-meta":"","adv-header-id-meta":"","stick-header-meta":"","header-above-stick-meta":"","header-main-stick-meta":"","header-below-stick-meta":"","astra-migrate-meta-layouts":"default","ast-page-background-enabled":"default","ast-page-background-meta":{"desktop":{"background-color":"var(--ast-global-color-4)","background-image":"","background-repeat":"repeat","background-position":"center center","background-size":"auto","background-attachment":"scroll","background-type":"","background-media":"","overlay-type":"","overlay-color":"","overlay-opacity":"","overlay-gradient":""},"tablet":{"background-color":"","background-image":"","background-repeat":"repeat","background-position":"center center","background-size":"auto","background-attachment":"scroll","background-type":"","background-media":"","overlay-type":"","overlay-color":"","overlay-opacity":"","overlay-gradient":""},"mobile":{"background-color":"","background-image":"","background-repeat":"repeat","background-position":"center center","background-size":"auto","background-attachment":"scroll","background-type":"","background-media":"","overlay-type":"","overlay-color":"","overlay-opacity":"","overlay-gradient":""}},"ast-content-background-meta":{"desktop":{"background-color":"var(--ast-global-color-5)","background-image":"","background-repeat":"repeat","background-position":"center center","background-size":"auto","background-attachment":"scroll","background-type":"","background-media":"","overlay-type":"","overlay-color":"","overlay-opacity":"","overlay-gradient":""},"tablet":{"background-color":"var(--ast-global-color-5)","background-image":"","background-repeat":"repeat","background-position":"center center","background-size":"auto","background-attachment":"scroll","background-type":"","background-media":"","overlay-type":"","overlay-color":"","overlay-opacity":"","overlay-gradient":""},"mobile":{"background-color":"var(--ast-global-color-5)","background-image":"","background-repeat":"repeat","background-position":"center center","background-size":"auto","background-attachment":"scroll","background-type":"","background-media":"","overlay-type":"","overlay-color":"","overlay-opacity":"","overlay-gradient":""}},"footnotes":""},"class_list":["post-2","page","type-page","status-publish","hentry"],"_links":{"self":[{"href":"https:\/\/www.sokolsvojetice.cz\/index.php?rest_route=\/wp\/v2\/pages\/2","targetHints":{"allow":["GET"]}}],"collection":[{"href":"https:\/\/www.sokolsvojetice.cz\/index.php?rest_route=\/wp\/v2\/pages"}],"about":[{"href":"https:\/\/www.sokolsvojetice.cz\/index.php?rest_route=\/wp\/v2\/types\/page"}],"author":[{"embeddable":true,"href":"https:\/\/www.sokolsvojetice.cz\/index.php?rest_route=\/wp\/v2\/users\/1"}],"replies":[{"embeddable":true,"href":"https:\/\/www.sokolsvojetice.cz\/index.php?rest_route=%2Fwp%2Fv2%2Fcomments&post=2"}],"version-history":[{"count":18,"href":"https:\/\/www.sokolsvojetice.cz\/index.php?rest_route=\/wp\/v2\/pages\/2\/revisions"}],"predecessor-version":[{"id":315,"href":"https:\/\/www.sokolsvojetice.cz\/index.php?rest_route=\/wp\/v2\/pages\/2\/revisions\/315"}],"wp:attachment":[{"href":"https:\/\/www.sokolsvojetice.cz\/index.php?rest_route=%2Fwp%2Fv2%2Fmedia&parent=2"}],"curies":[{"name":"wp","href":"https:\/\/api.w.org\/{rel}","templated":true}]}}